culate the remainder when 17 is divided by t.
2
Let y be 24 + 1/(2/4). Suppose 3*a + y = 287. Calculate the remainder when a is divided by 30.
27
Let d(f) = f**2 - 4*f - 7. Let u be d(3). What is the remainder when 14 is divided by (8/6)/(u/(-30))?
2
Suppose -f - 4*x = 10 + 23, 3*f = x - 125. Let w = f + 94. What is the remainder when w is divided by 18?
17
What is the remainder when 79 is divided by ((-24)/9)/(2/(-15))?
19
Suppose 4*w = 16, 0 = 5*t + 5*w - 132 - 38. Calculate the remainder when 148 is divided by t.
28
Let y be -25*-4*1/5. Let v = 39 - y. What is the remainder when 54 is divided by v?
16
What is the remainder when 34 is divided by 332/36 + 2/(-9)?
7
Let t(g) = g + 7. What is the remainder when 22 is divided by t(5)?
10
Let b be 618/12*(0 + 2). Suppose -3*l + 80 = -b. Calculate the remainder when l is divided by 16.
13
What is the remainder when ((-2)/4)/((-4)/392) is divided by ((-34)/(-6))/(2/6)?
15
Let z be ((-16)/(-6))/((-8)/(-12)). Suppose 36 = 3*k - 2*o, z*o = k + 3*k - 44. Suppose 3*n + 0*n = 24. Calculate the remainder when k is divided by n.
6
Suppose 0 = -3*a + 23 - 65. Let r = a - -24. What is the remainder when r is divided by 4?
2
Suppose 5*r - 7*s - 438 = -3*s, 4*r = -4*s + 372. What is the remainder when r is divided by 48?
42
Let k = 24 - -18. What is the remainder when k is divided by 54/4*2/3?
6
Let c = 83 + -40. Suppose -f - 9*p + 10*p = -23, -4*f + 92 = -p. What is the remainder when c is divided by f?
20
Let a(t) = 3 + 0*t - t - 2 + 7. Let l be a(6). Suppose l*h - 5 = 5. Calculate the remainder when h is divided by 3.
2
Let v(q) = -2*q - 4. Suppose -32 = 2*y + 2*y. Calculate the remainder when 45 is divided by v(y).
9
Let m = -49 - -11. Let n = m - -61. Suppose -5*y = -2*j + 7 + 9, 5*y + 24 = 3*j. What is the remainder when n is divided by j?
7
Suppose 5*d = 14 + 6. Suppose -d = u - 14. Calculate the remainder when u is divided by 4.
2
Let d be (6/(-4))/(3/(-68)). Suppose -3*h + d = -h. What is the remainder when 49 is divided by h?
15
Let o be 4/6*(2 + 1). Suppose m - 2*i = 34, -m + 4*i + 96 = o*m. Suppose 0 = 5*l - l - 60. Calculate the remainder when m is divided by l.
13
Let k(p) = p**2 - p + 15. Let a = -6 + 13. Suppose 2*q = a*q. What is the remainder when k(q) is divided by 8?
7
Suppose 5*k = -4*j + 16, 4*k = 5*k + 5*j + 1. Calculate the remainder when 10 is divided by k.
2
Let t(m) = m**2 + 5*m + 4. Let o be t(-5). Suppose o*w = -0 - 4. Calculate the remainder when (-2)/w + (-10)/(-1) is divided by 5.
2
Let i = 26 + -1. Calculate the remainder when 48 is divided by i.
23
What is the remainder when (-874)/(-10) - 6/15 is divided by 45?
42
What is the remainder when 43 is divided by (50/(-4))/5*(-7 + 1)?
13
Suppose 0 = d - 2*d + 76. Let w = -50 + d. What is the remainder when w is divided by 14?
12
Let j(f) = -2*f**2 - f + 3. Let i be j(4). Let x = -19 - i. Calculate the remainder when 24 is divided by x.
10
Suppose -4*p + 3*w + 56 = 0, -5*w + 8 + 27 = 5*p. Let d(i) = -7*i - 1. Suppose -3*m = -5 + 14. Calculate the remainder when d(m) is divided by p.
9
Suppose -4 = 2*g - 156. What is the remainder when g is divided by 13?
11
Suppose -4*l + 12 = z, -5*l + 2*z - 8 = -36. Suppose -3*c - 1 + 19 = 0. What is the remainder when c is divided by (1/1)/(l/16)?
2
Let y(k) = 2 + 0*k + 2*k**2 - 3*k**2 + k. Let f be y(2). Suppose -4*p + 15 + 41 = f. What is the remainder when p is divided by 8?
6
Suppose -4*a = -5*z - 317, 2*a + 320 = -5*z + 7*a. Let d = -11 - z. Calculate the remainder when d is divided by 17.
16
Let w = 25 + -16. Let r be 0*(6/4 + -1). Suppose -4*g - 70 = -4*y + 2*y, r = -2*g - 10. What is the remainder when y is divided by w?
7
Let z be 8/(-12) + 310/6. Let w = -36 + z. Calculate the remainder when 43 is divided by w.
13
Let k = 8 - 14. What is the remainder when 47 is divided by 15 + 4/(8/k)?
11
What is the remainder when (7/(-2))/((-1)/4) is divided by 4?
2
Let h be (-2 - 0)*12/(-6). Suppose -3*q + 8*q + h*i - 100 = 0, 2*i - 38 = -2*q. Calculate the remainder when q is divided by 9.
6
Suppose 22 = 2*q - 52. Suppose -q = -3*g + 11. Suppose -3*m = 21 - 111. What is the remainder when m is divided by g?
14
Let w be (-2)/8 + (-2)/(-8). Suppose w = -2*p + 7*p. Suppose p = 3*q - 5*q + 26. Calculate the remainder when 38 is divided by q.
12
Let a = -129 - -188. Let m(f) = 2*f**2 - 4*f + 4. Calculate the remainder when a is divided by m(4).
19
Calculate the remainder when 147 is divided by (8/(-6) - 0)/((-2)/45).
27
Let d be 2/5 + 4/(-10). Let p = d - -2. What is the remainder when 33 is divided by (-2 - -19)*p/2?
16
Let d = 38 - 30. Calculate the remainder when 23 is divided by d.
7
Suppose 0 = -2*z + 7*z + b + 9, -5*b + 5 = 0. Let p = 17 + z. Calculate the remainder when 27 is divided by p.
12
Let n = 3 - -2. Suppose n*v = 247 + 158. Suppose 3 = -3*z + v. Calculate the remainder when z is divided by 14.
12
Let w be (-20)/25 - (-1)/(-5). Calculate the remainder when 2 + w*124/(-4) is divided by 12.
9
Let k = 116 + -77. What is the remainder when 77 is divided by k?
38
Suppose -7*q + 4 = -73. What is the remainder when 18 is divided by q?
7
Suppose 4*k + 74 = -6. What is the remainder when 68/4 + (-2)/(-2) is divided by (k/(-6))/((-2)/(-6))?
8
Suppose 5*n + 0*n + 40 = 0. Let y(m) = -m**3 - 6*m**2 + 12*m + 12. Let h be y(n). Suppose -4*k = -0*k - h. What is the remainder when 20 is divided by k?
9
Suppose 0 = -k + 4 + 1. Suppose 2*y - k*o = 29, 5*y - o - 87 = -3*o. Calculate the remainder when y is divided by 6.
5
Suppose 0 = -3*x + 8*x + 210. Calculate the remainder when 12 is divided by (-3)/(-2)*x/(-9).
5
Let b be (6 - 0)/((-3)/2). Let s = b + 34. What is the remainder when s is divided by 16?
14
Suppose -7*n + 465 = -2*n. What is the remainder when n is divided by 19?
17
Let i(y) = y**2 - 5*y - 11. Let s(h) = h**2 + 3*h - 3. Suppose k = p - 10, -2*p - 5 = 3*k - 0*p. Calculate the remainder when i(8) is divided by s(k).
6
Let c = -21 + 70. Let v = 83 - c. What is the remainder when v is divided by 12?
10
Suppose -2*u = 5*a - 8*a + 82, 0 = -3*a + 4*u + 92. Suppose 0 = 5*r + a - 4, 5*s + 4*r + 6 = 0. Calculate the remainder when 1 is divided by 1/s*(-6)/(-3).
0
Suppose x - 20 = -4*x. Suppose 0 = x*c - 2*c - 34. Let v = 15 + -6. Calculate the remainder when c is divided by v.
8
Calculate the remainder when 7*(17/7 + 1) is divided by 21.
3
Suppose -2*d + 24 = 100. Let h = -16 - d. Calculate the remainder when h is divided by 8.
6
Let y(x) = -x**3 - x**2 + x - 1. Let p(h) = 4*h**3 + 9*h**2 - 6*h + 6. Let j(n) = -p(n) - 3*y(n). Calculate the remainder when j(-7) is divided by 9.
7
Suppose 48 = 5*l - 3*l. Suppose 4*s = -l + 108. Let a = s - 13. Calculate the remainder when a is divided by 3.
2
Let l = 24 - 10. Calculate the remainder when 39 is divided by l.
11
Suppose -2*d + 2*y + 98 = 0, 0 + 57 = d - 5*y. What is the remainder when d is divided by 11?
3
Let k(s) = 2*s**3 - 10*s**2 + 7*s - 4. Calculate the remainder when k(6) is divided by 16.
14
Suppose -36 = -t + 5*w, 4*t - 2*t - 2*w - 40 = 0. What is the remainder when (3/2)/((-4)/(-168)) is divided by t?
15
Let i(k) = -2*k + 2*k + k - 2 + 0*k. Let c(n) = -n. Let h(v) = 2*c(v) - i(v). What is the remainder when h(-4) is divided by 8?
6
Suppose -2*i + 3*g = -87, -i = -g - 52 + 9. Calculate the remainder when i is divided by 15.
12
Suppose -2*u + 28 = 2*t + 2*u, -4*t + 53 = 5*u. Calculate the remainder when t is divided by 11.
1
Let p = -65 + 149. Suppose -3*d - 3*n + p = 0, d + n - 32 = -n. What is the remainder when d is divided by ((-78)/(-12))/((-2)/(-4))?
11
Let f = -56 + 81. Calculate the remainder when f is divided by 1/4 - (-51)/4.
12
Let v be (12/(-2))/(-2 + 0). Suppose r - 5 = 4*j, 2*r + v*j - 2*j = 1. Calculate the remainder when 19 is divided by ((-14)/(-6))/(r/3).
5
Let k be (-1 + 4)*2/(-2). Let s = 5 + k. Calculate the remainder when 4 is divided by s.
0
Let v(c) = 2*c**3 - 3*c**2 + 8*c - 4. Calculate the remainder when v(3) is divided by 24.
23
Suppose 115 = l - 6*l + 4*q, 4*l = -5*q - 51. Let m = 31 + l. Calculate the remainder when 22 is divided by m.
10
Let d = -4 - -7. Suppose d*k = 2*q - 17, -k + 26 = 5*q - 3*k. What is the remainder when ((-20)/15)/2 - (-40)/6 is divided by q?
2
Let t = -21 + 40. Let j = t + -14. Suppose 2*u =